 35. What is the remainder when 77 is divided by x?
17
Suppose -3*h + 44 = -5*q, 5*h - 86 = 15*q - 13*q. Calculate the remainder when (8/10)/((-2)/(-200)) is divided by 3*(3 - (-48)/h).
12
Let q = -32986 + 33770. Calculate the remainder when q is divided by 140.
84
What is the remainder when ((-23964453)/(-38))/9 - 5/2 is divided by 70?
69
Let c(x) = -x**3 - 2*x + 2. Suppose 0 = y - 4*d + 6 + 6, 4*y - 3*d = -9. Let i be c(y). Suppose -i*o = 18 - 194. What is the remainder when o is divided by 30?
28
Let t(r) = -r**3 + 33*r**2 - 63*r + 2. Calculate the remainder when 838 is divided by t(7).
3
Suppose -4*w = 6*f - 3*f - 117, 2*f = 4*w + 98. Suppose 3*p = f + 53. Let a = -24 + p. Calculate the remainder when 30 is divided by a.
6
Suppose 5*z = 28 - 13. Suppose 0 = -3*w + w + 2*u + 18, 4*u = w - z. Suppose 3*d - 5*j = -0 + 29, -d = 2*j - 6. Calculate the remainder when w is divided by d.
3
Suppose -z - 4 = 13*v - 15*v, -5*z + 32 = 3*v. Suppose 5*b = z*d + 88, d = b - 12 - 6. Calculate the remainder when 169 is divided by b.
9
Suppose 0 = 4*t + 1484 + 1288. Let x = t - -735. Calculate the remainder when 175 is divided by x.
7
Suppose 15*i - 18310 = 8675. What is the remainder when i is divided by 6?
5
Let p(n) = 26*n**2 - 12*n + 9. What is the remainder when 442 is divided by p(2)?
86
Let i(q) = -q**2 - 71*q - 576. What is the remainder when 125 is divided by i(-10)?
23
What is the remainder when 335 is divided by ((-3)/12)/((-15)/111240*9)?
129
Let y(r) = r**2 + 2*r - 8. Let l be 0 + -3 + (-12)/3. Let n(o) = 7*o + 40. Calculate the remainder when y(l) is divided by n(-5).
2
Let x = 747 + -415. Let d = 335 - x. Calculate the remainder when 11 is divided by d.
2
What is the remainder when 117 is divided by (-11 + -3)/(605/44 + -14)?
5
Let y be (-4)/56*-4 - (-348)/7. Let a = y - -73. Calculate the remainder when a is divided by 25.
23
Let o = 193 - 116. Let m(g) = -g**2 + 37*g + 90. Calculate the remainder when m(30) is divided by o.
69
Suppose -930 = -4*i - 2*b, -9*b + 909 = 4*i - 14*b. Calculate the remainder when i is divided by 99.
33
Suppose 3*t = 4*i - 303, -3*i - 30*t + 221 = -31*t. Suppose -3*a + 4*c = -i, 4*a + 17*c - 96 = 16*c. What is the remainder when 189 is divided by a?
21
What is the remainder when 6267 is divided by (-15680)/(-35)*2/4?
219
Let d(a) = 11*a**2 - 130*a - 978. Calculate the remainder when d(-7) is divided by 155.
6
Suppose 149*j - 11769 - 7735 = -5647. Let f(h) = 10*h**3 - h**2 + 2*h. Calculate the remainder when f(3) is divided by j.
81
Let b be 5*10 + (0 - 8). Let u = -39 + b. What is the remainder when 62 is divided by u?
2
Suppose -2*g = -4*s - 1116, -213*g = -214*g + 5*s + 561. Calculate the remainder when g is divided by 227.
102
Suppose -21*d + 91073 = 87*d + 5861. Calculate the remainder when d is divided by 38.
29
Suppose 499*v - 500*v - 5*m + 25 = 0, 2*v - 4*m - 36 = 0. Suppose -278 = -3*a + 613. Calculate the remainder when a is divided by v.
17
Suppose -31*h + 10*h = 122*h - 2431. What is the remainder when 129 is divided by h?
10
Let g = 162 + -155. Let l(y) = y**3 + 6*y**2 - 30*y + 3. Calculate the remainder when l(g) is divided by 24.
22
Let j(r) = 24*r - 376. Let o be j(16). Suppose -23*k + 1665 = -o*k. What is the remainder when k is divided by 56?
55
Suppose 0 = -25*o + 35*o - 2060. What is the remainder when 413 is divided by o?
1
Suppose -a = -0*a - 4. Suppose 5*s = -5*x + 20, a*s - 7*s = 0. Suppose 2*r - 45 = l, 0*r + 4*r - 108 = -x*l. What is the remainder when r is divided by 14?
10
Suppose -27*i = 59 + 265. What is the remainder when 781 is divided by (i/40)/((-3)/(-15))*-58?
85
Let u = -438 - -435. Calculate the remainder when 13 is divided by (15/u)/45 - (-60)/54.
0
Let m = 91 - 89. Suppose -4*d - 3*h + 47 = -2*h, 6 = m*h. Let f(l) = 17*l - 37. Calculate the remainder when f(d) is divided by 52.
46
Suppose 10277 - 6828 + 7181 = 5*z. What is the remainder when z is divided by 266?
264
Suppose 148 + 152 = 4*i. Let k = 97 - i. Calculate the remainder when 70 is divided by k.
4
Let v(l) = 41*l - 51*l + 32*l - 2 + 24*l - 11. What is the remainder when v(4) is divided by 42?
3
What is the remainder when (-25)/5 + 104 + (0 - 2) is divided by 40?
17
Suppose -3*y = 18, -y - 78 = -4*k + 176. What is the remainder when 225 is divided by k?
39
Suppose j - 153 = -4*v, 153*v = 148*v + 2*j + 149. Suppose q = -59 + 300. What is the remainder when q is divided by v?
31
Suppose 5*h + 3*m - 5*m = -2485, -3*h + 5*m = 1491. Let s = h + 590. Calculate the remainder when s is divided by 29.
6
Suppose 4*q = 5*b + 11, -3*q - 2*q - 17 = 4*b. Calculate the remainder when (-707)/(-7) - (-3 + q - -1) is divided by 7.
6
Let t(z) = z**2 - z + 45. Suppose w + 37 = 3*k, -k - 184 = 4*w - 4*k. Let u = -41 - w. Calculate the remainder when t(9) is divided by u.
5
Let k(y) = 5*y**2 + 46*y + 52. Let v(u) = 1 + 0*u**2 - 4*u**2 + 5*u**2 + 9*u - 10. What is the remainder when k(-8) is divided by v(-10)?
0
Suppose 128*n - 386 = 121*n + 6. What is the remainder when n is divided by 14?
0
Let m(c) = -c. Let p(f) = 712*f - 42. Let l(a) = 6*m(a) + p(a). Calculate the remainder when l(1) is divided by 37.
35
Let a = -135 + 207. Let i = a + -69. Suppose i*x + x = 100. Calculate the remainder when 95 is divided by x.
20
Suppose -610 = -5*z + 905. Suppose -a - 5*x = -0*x + 1, 2*a + 4*x = 22. What is the remainder when z is divided by a?
18
Let g = 15730 - 15696. Calculate the remainder when 63 is divided by g.
29
Let h(m) = -11*m - 230. Let s(p) = -1. Let c(v) = h(v) - 3*s(v). What is the remainder when 24 is divided by c(-22)?
9
Suppose -3*o = 3*t - 117, -5*t + 31 = -2*o - 150. Suppose -61 = -2*y - 3*x + t, 4*y - x = 182. Calculate the remainder when 457 is divided by y.
43
Suppose -3*h = 11*d - 16*d - 173, 0 = 2*h - 2*d - 118. What is the remainder when 383 is divided by h?
17
Let w(n) = -n**3 + 5*n**2 + n - 3. Let p be w(4). Let q = 25 - p. Suppose -11*f = -q*f - 276. What is the remainder when f is divided by 31?
30
Suppose 23 + 131 = 14*n. Let c(b) = 2*b + 104. What is the remainder when c(n) is divided by 13?
9
Let i = 175 + -175. Calculate the remainder when (i - -2) + 795 + -7 is divided by 12.
10
Suppose 2*h = 4*y - 44, -3*y - h + 15 = 2*h. What is the remainder when (-6)/((96/560)/(-3)) is divided by y?
6
Suppose 203 = 37*y + 32 - 88. What is the remainder when 3869 is divided by y?
5
Suppose 57*z - 2346 = -750. Let c(g) = g**2 - g + 0*g**2 + g**3 + 138 + 5*g - 3*g. What is the remainder when c(0) is divided by z?
26
Let n = -11316 + 11449. What is the remainder when 308 is divided by n?
42
Suppose 0 = k + 3*l - 93, -5*k - 3*l + l = -374. What is the remainder when 500 is divided by k?
68
Let k = 16075 - 15897. What is the remainder when 1791 is divided by k?
11
Suppose 299*c - 6768 = 287*c. Let r = c - 147. Calculate the remainder when r is divided by 60.
57
Let d(m) = -9*m + 469. Let v be d(0). Let s = 471 - v. What is the remainder when s is divided by 2?
0
Let l be 16 + 1/((-12)/(-8) - 2). Suppose -l*u + 35 = -9*u. What is the remainder when 268/10 - 6/(-30) is divided by u?
6
Suppose 0 = -5*j + j - 280. Let o = j + 109. Calculate the remainder when (-21 - (-1060)/160)*-8 is divided by o.
37
Suppose 3*j - 316 = 203. Let u = -57 + j. Calculate the remainder when u is divided by 59.
57
Suppose -29*w + 48*w - 6293 = -10*w. What is the remainder when 452 is divided by w?
18
Suppose 2*k - 89 = -11. Let m = k + -21. Calculate the remainder when 222 is divided by ((-15)/(-1))/(6/m).
42
Suppose -l + 5*l = -4*m + 364, 5*m + 2*l = 455. Calculate the remainder when m is divided by ((-4)/(-16))/(2/8) + 30.
29
What is the remainder when 272 is divided by 20 + ((-770)/11)/(-14)?
22
Suppose 4 = 2*m, -2*d = -6*m + 9*m - 170. Calculate the remainder when 1391 is divided by d.
79
Let r(v) = 3*v**3 + 48*v**2 - 60*v - 56. Calculate the remainder when 499 is divided by r(-17).
14
Let s = 320 + -318. What is the remainder when 24/(-18)*(-201)/s is divided by 28?
22
Calculate the remainder when ((-193)/1544 + (-3)/(-8))/(1/2780) is divided by 346.
3
Suppose -381*v = -174*v - 290214. What is the remainder when v is divided by 235?
227
Suppose 3*s - 2*s = 3*m - 7, 3*m = 2*s + 5. Let f(u) = u**2 - 5*u - 12. What is the remainder when (1 + 2)*(s - (-32